the remainder when 347675 is divided by 5439.
5018
What is the remainder when 89945274 is divided by 288?
282
Calculate the remainder when 3128713 is divided by 598.
575
What is the remainder when 2170269 is divided by 4429?
59
Calculate the remainder when 87233 is divided by 28987.
272
What is the remainder when 479241 is divided by 95818?
151
Calculate the remainder when 2210477448 is divided by 73.
72
Calculate the remainder when 1507614 is divided by 753714.
186
What is the remainder when 32323602 is divided by 1262?
1258
What is the remainder when 13925697 is divided by 410?
47
Calculate the remainder when 85302056 is divided by 42651006.
44
What is the remainder when 857897 is divided by 4?
1
Calculate the remainder when 14219072 is divided by 11.
10
Calculate the remainder when 9193536 is divided by 63.
9
Calculate the remainder when 4331902 is divided by 143.
3
Calculate the remainder when 1090483 is divided by 754.
199
What is the remainder when 348975 is divided by 14361?
4311
Calculate the remainder when 13045574 is divided by 17.
12
Calculate the remainder when 141527 is divided by 3217.
3196
What is the remainder when 192916 is divided by 66?
64
What is the remainder when 3961919 is divided by 40?
39
What is the remainder when 748251 is divided by 3938?
31
Calculate the remainder when 3494652 is divided by 888.
372
What is the remainder when 243523 is divided by 1561?
7
What is the remainder when 205449 is divided by 13619?
1164
What is the remainder when 7920470 is divided by 13?
12
Calculate the remainder when 57801764 is divided by 750.
14
What is the remainder when 19364638 is divided by 2551?
2548
What is the remainder when 936818 is divided by 17?
16
Calculate the remainder when 32327 is divided by 32171.
156
What is the remainder when 1725178 is divided by 574928?
394
Calculate the remainder when 2389825 is divided by 796588.
61
Calculate the remainder when 2556206 is divided by 3144.
134
Calculate the remainder when 9156863 is divided by 3052277.
32
Calculate the remainder when 67694 is divided by 1391.
926
What is the remainder when 5387175 is divided by 1077329?
530
What is the remainder when 5137889 is divided by 745?
369
What is the remainder when 45459920 is divided by 7576653?
2
What is the remainder when 1142880 is divided by 49677?
309
Calculate the remainder when 23409 is divided by 1520.
609
What is the remainder when 78279625 is divided by 41?
6
Calculate the remainder when 16436421 is divided by 4109077.
113
Calculate the remainder when 346350 is divided by 1673.
39
What is the remainder when 15441860 is divided by 11541?
2
Calculate the remainder when 17921398 is divided by 111313.
5
Calculate the remainder when 142806 is divided by 71388.
30
Calculate the remainder when 4083184 is divided by 1057.
1050
Calculate the remainder when 8239279 is divided by 1067.
972
What is the remainder when 96319 is divided by 47559?
1201
What is the remainder when 32141480 is divided by 1147909?
28
What is the remainder when 4065687 is divided by 30569?
10
Calculate the remainder when 5449005 is divided by 266.
261
Calculate the remainder when 84174 is divided by 1486.
958
Calculate the remainder when 20780096 is divided by 859.
27
Calculate the remainder when 4518221 is divided by 8606.
71
What is the remainder when 9825282 is divided by 645?
642
Calculate the remainder when 158205630 is divided by 61.
56
What is the remainder when 860970 is divided by 171914?
1400
Calculate the remainder when 10336 is divided by 7676.
2660
What is the remainder when 528781 is divided by 17057?
14
What is the remainder when 905890 is divided by 1030?
520
What is the remainder when 246876183 is divided by 4384?
4375
Calculate the remainder when 220270 is divided by 1335.
1330
What is the remainder when 6113727 is divided by 101893?
147
Calculate the remainder when 11052937 is divided by 56.
49
Calculate the remainder when 2967054 is divided by 6833.
1532
Calculate the remainder when 50573 is divided by 3557.
775
What is the remainder when 259587 is divided by 129779?
29
What is the remainder when 1839579 is divided by 153297?
15
Calculate the remainder when 97936638 is divided by 1216.
1214
Calculate the remainder when 5701332 is divided by 705.
702
What is the remainder when 22740783 is divided by 5685194?
7
What is the remainder when 12075439 is divided by 683?
682
Calculate the remainder when 221084 is divided by 13817.
12
Calculate the remainder when 52656 is divided by 978.
822
What is the remainder when 852782 is divided by 2560?
302
What is the remainder when 13542123 is divided by 23?
22
Calculate the remainder when 1835032 is divided by 14225.
7
Calculate the remainder when 13709359 is divided by 280.
279
Calculate the remainder when 57459 is divided by 14317.
191
What is the remainder when 122936096 is divided by 3863?
3847
What is the remainder when 23672359 is divided by 1130?
1119
Calculate the remainder when 12175 is divided by 6544.
5631
What is the remainder when 99045909 is divided by 184?
181
What is the remainder when 56001964 is divided by 53?
44
Calculate the remainder when 199591 is divided by 8960.
2471
Calculate the remainder when 7233095 is divided by 17.
3
Calculate the remainder when 416822 is divided by 751.
17
What is the remainder when 523342 is divided by 40255?
27
Calculate the remainder when 112660 is divided by 5360.
100
Calculate the remainder when 26335 is divided by 453.
61
What is the remainder when 21942912 is divided by 2438101?
3
What is the remainder when 1984200 is divided by 220465?
15
What is the remainder when 9257359 is divided by 4628678?
3
Calculate the remainder when 542270849 is divided by 645.
644
What is the remainder when 459374997 is divided by 1875?
1872
Calculate the remainder when 10677651 is divided by 737.
732
Calculate the remainder when 788994 is divided by 640.
514
What is the remainder when 22559949 is divided by 1111?
1094
Calculate the remainder when 45561968 is divided by 13.
10
What is the remainder when 35844829 is divided by 47?
44
Calculate the remainder when 87890 is divided by 154.
110
What is the remainder when 3304718 is divided by 472086?
116
What is the remainder when 3884230 is divided by 776845?
5
What is the remainder when 216200 is divided by 339?
257
What is the remainder when 2544837 is divided by 68765?
532
Calculate the remainder when 30915022 is divided by 1066035.
7
Calculate the remainder when 9211 is divided by 1148.
27
What is the remainder when 71425151 is divided by 288?
287
Calculate the remainder when 73531 is divided by 3200.
3131
Calculate the remainder when 3635561 is divided by 7527.
20
What is the remainder when 1504589 is divided by 48?
29
What is the remainder when 7667940 is divided by 1886?
1350
What is the remainder when 2682208 is divided by 893144?
2776
What is the remainder when 345812 is divided by 505?
392
What is the remainder when 40627664 is divided by 39065?
64
Calculate the remainder when 3024430 is divided by 432033.
199
Calculate the remainder when 157348 is divided by 39.
22
Calculate the remainder when 1376509 is divided by 2349.
2344
Calculate the remainder when 904328 is divided by 314.
8
Calculate the remainder when 685 is divided by 171.
1
What is the remainder when 299476 is divided by 1876?
1192
Calculate the remainder when 2391434 is divided by 11608.
186
What is the remainder when 11757319 is divided by 1226?
1205
Calculate the remainder when 28467 is divided by 3904.
1139
What is the remainder when 6318 is divided by 404?
258
What is the remainder when 6375153 is divided by 914?
3
What is the remainder when 1111403 is divided by 199?
187
Calculate the remainder when 919138310 is divided by 39.
38
Calculate the remainder when 1207932 is divided by 360.
132
What is the remainder when 41972 is divided by 5771?
1575
Calculate the remainder when 3366 is divided by 2688.
678
Calculate the remainder when 581284 is divided by 290584.
116
Calculate the remainder when 1834536 is divided by 1248.
1224
What is the remainder when 499619 is divided by 82631?
3833
Calculate the remainder when 332969 is divided by 51.
41
Calculate the remainder when 40159027 is divided by 105.
97
Calculate the remainder when 64051 is divided by 7